e -2 - 13/((-65)/(-165)). Let j be 888/42 - (-5)/m. Let p = -254 - -401. What is the greatest common divisor of p and j?
21
Let o = -7881 - -7892. Calculate the greatest common divisor of o and 1826.
11
Let d be (675/18 - 7) + 6/(-4). Suppose -t - d*t = -1620. What is the highest common factor of 594 and t?
54
Suppose -5*u + 36 = k - 20, -4*u = -k + 83. What is the highest common factor of 213 and k?
71
Let u = 351424 + -351394. Suppose 0 = 4*z + 8, 3*z - 144 = -2*o - 3*o. What is the greatest common factor of o and u?
30
Suppose -2010 - 9973 = -3*b + 5*y, -11967 = -3*b - 3*y. Let u = b - 2631. What is the greatest common divisor of 85 and u?
85
Suppose -2*w = s - 134, 1537*s - 3*w - 289 = 1535*s. What is the greatest common divisor of 2170 and s?
70
Let p be 75 - (-8 + (-22)/(-2)). Calculate the greatest common divisor of p and 1602.
18
Let k(h) = h**3 - 22*h**2 - 4*h + 46. Let r(q) = q**3 + 3*q**2 - 42*q + 7. Let x be r(-8). Let m be k(x). What is the greatest common divisor of 23 and m?
23
Suppose 3*n + 467 = 2*i - 1026, -5*n + 5*i - 2495 = 0. Let c = -157 - n. What is the greatest common divisor of c and 78?
26
Suppose -a = 4*w - 60858, w - a - 12788 = 2429. What is the greatest common factor of 85 and w?
85
Let w = 3991 + -3335. What is the greatest common divisor of 112 and w?
16
Let d = 207 - 220. Let i(o) = 2*o**2 + 14*o - 39. Let n be i(d). What is the highest common divisor of n and 6?
3
Let w = 437 - -51. Suppose 0 = -4*g + 3*o + w, -29 = -g + o + 92. What is the highest common factor of 75 and g?
25
Let h(r) = -r**2 + 22*r + 18. Let z be h(22). Suppose -3*s - z = -5*s. Suppose -6*t + s*t = 48. What is the greatest common divisor of 24 and t?
8
Let h(j) = 415*j**2. Let t be h(-1). Calculate the highest common factor of 15 and t.
5
Let a(w) = w**3 - 44*w**2 + 124*w - 8. Let q be a(41). Calculate the greatest common factor of 528 and q.
33
Let h be 14/77 + (-16911)/(-99). Let t = 187 - h. What is the highest common divisor of t and 10?
2
Suppose 40*q + 30*q - 264250 = 0. What is the highest common factor of 25 and q?
25
Let u(q) = 132*q - 75. Let m be u(5). What is the greatest common factor of m and 45?
45
Suppose 43*i + 6419 = -43*i + 21211. Calculate the highest common divisor of 12556 and i.
172
Let j be 2/(-11) - 7092/(-44). Suppose q = -5*c - 41, -4*q = -6*c - 132 + 10. Calculate the highest common factor of j and q.
7
Let p(y) = 55*y + 5. Let i be (-12)/(-72) - 127/6. Let u = i + 26. Let c be p(u). What is the greatest common divisor of c and 35?
35
Suppose -5*i - 5*q = 215, 58 = -i - q - 3*q. Let d = 66 + i. Let n be 22/((d/105)/(4/10)). What is the greatest common divisor of n and 3?
3
Let h = -183 - -200. Suppose -h*n + 21*n = 1404. What is the highest common factor of n and 39?
39
Let m(o) = 2*o**3 + 2881 - 11*o**2 - o**3 - 5*o + o**3 - 2884. Let g be m(6). What is the greatest common divisor of 1 and g?
1
Suppose -42*s - 132 = -48*s. What is the highest common divisor of 473 and s?
11
Suppose 56*k = -54*k + 70400. Calculate the greatest common divisor of 2048 and k.
128
Let c(r) = -3*r**2 - 21*r - 9. Let q be c(6). Let l be ((-2 + -4)/(-18))/((-3)/q). Calculate the highest common divisor of 9 and l.
9
Let z = -91 - -177. Let p = z - 62. Suppose p = 5*i - 16. Calculate the highest common divisor of i and 64.
8
Let b(z) = 110*z - 6383. Let u be b(62). Calculate the highest common factor of 1083 and u.
19
Suppose 4*j = -4*q + 1066 + 1578, 4*j - 2*q = 2674. Suppose -50 = 11*p - j. Calculate the greatest common divisor of 42 and p.
14
Suppose -g + 20 = g. Let r = 9489 + -9479. What is the highest common factor of r and g?
10
Let p = 2132 - 2060. Let o(l) = 4*l - 24. Let q be o(8). What is the greatest common factor of q and p?
8
Let u be 212/6 + 1/(-3). Suppose -h - 105 = -107. Suppose 5*s = -h*d + 29, 6 + 8 = 4*s - 3*d. What is the greatest common factor of u and s?
5
Let x be (1/(-4)*-36)/((-1)/(-51)). What is the greatest common divisor of 68 and x?
17
Suppose 0 = -12*o + 7710 + 4722. Let q(m) = 6*m + 2. Let d be q(2). What is the greatest common factor of d and o?
14
Let i(n) = 2*n**2 + 32*n + 100. Let p be i(-3). Suppose 6*k = 4*k + 5*r - 6, 3*k = 3*r. Let q be k - (-4)/8*62. What is the highest common factor of q and p?
11
Suppose 24*l - 4257 + 20833 = 98*l. Calculate the highest common divisor of 560 and l.
112
Suppose -45*g - 51345 = -52*g. Suppose g = 20*f - 1765. What is the greatest common divisor of f and 140?
35
Suppose -2929 = -9*a + 347. Suppose -a*j = -362*j - 396. Calculate the highest common factor of 36 and j.
18
Let j = -80 + 68. Let l be 90/(-2)*(-6 + (-64)/j). Calculate the greatest common factor of l and 270.
30
Let q(k) = 145*k + 3354. Let b be q(-23). What is the highest common factor of b and 2280?
19
Suppose 0 = u - k - 410, 97*u - 93*u = k + 1625. What is the greatest common factor of u and 1815?
15
Let a = -79 - -135. Let m = -27339 - -27371. Calculate the greatest common factor of m and a.
8
Suppose -262*i - 5166 = -280*i. Suppose 291*c - 128 = i*c. Calculate the greatest common divisor of c and 1504.
32
Let f(j) = -j**3 + 26*j**2 + 15*j - 89. Let w be f(26). Let z = 302 - w. Calculate the greatest common divisor of z and 41.
1
Let h(n) = -n**3 + 6*n**2 - 2*n + 37. Let y be h(0). Suppose 2108 = -20*i + y*i. What is the highest common factor of i and 434?
62
Let a = 28 - 14. Let p = 41 - 37. Suppose 3*b + 126 = p*b. Calculate the highest common divisor of a and b.
14
Suppose 4*z - 828 = -2*w, -2*z + z = -2*w + 828. Calculate the greatest common divisor of w and 1334.
46
Let n be 814/(-2035) + 2384/10. Calculate the greatest common factor of n and 1122.
34
Suppose 0 = -3*f + 12, 4*w = -f + 128 + 160. Suppose -65*h + w*h = 12. Calculate the greatest common divisor of 120 and h.
2
Let p be (4 + (-1950)/(-12))*(-8)/(-3). Calculate the greatest common factor of p and 18.
6
Let t be ((-144)/(-10))/(-2)*((-10350)/(-27))/(-23). Calculate the highest common factor of 984 and t.
24
Let o(m) = 7*m**2 - 4*m + 4. Let j be o(-4). Let v be j + ((-2)/(-1))/2. What is the greatest common divisor of 76 and v?
19
Let p = -150 + 136. Let x be 4/p + 7 + (-504)/(-49). Calculate the greatest common divisor of 221 and x.
17
Suppose 2*g - 2*j - 427 = -3*g, 4*g - 2*j = 340. Let v = g + -22. Suppose 0 = -2*a + 4, -5*k + v = -5*a. What is the highest common factor of k and 105?
15
Let k(i) = i**3 + 7*i**2 + 3*i + 6. Let u be k(-3). Let g(x) = -7*x - x + 5*x + u. Let r be g(8). What is the greatest common divisor of 45 and r?
9
Let z = -14738 + 14938. Calculate the highest common divisor of z and 280.
40
Suppose 0*a + p = 3*a - 197, -4*a + 261 = -p. Let m = -10 + a. Suppose -x - 47 = -5*q, 5*x - 28 = -4*q - 2. Calculate the highest common factor of q and m.
9
Suppose 5*u + 2*m = 2862, 3*u + 2*m - 2075 + 361 = 0. Let z = -561 + u. What is the highest common divisor of z and 26?
13
Suppose -175*j + 108988 + 178435 = 102973. What is the greatest common factor of j and 1598?
34
Suppose -2*q - 30 = -4*q. Let i be -2 - -2 - (-139 - -4). What is the highest common divisor of i and q?
15
Let r(s) = -2*s**3 - 11*s**2 + 11*s + 51. Let l be r(-6). Let t be ((-25)/2 - 1)*-2. Suppose -4*u + 1 + t = 0. Calculate the greatest common factor of u and l.
7
Let b be 21120/36*108/45. What is the greatest common factor of 88 and b?
88
Let b be (-80)/((-4)/6*(-17 - 665/(-38))). Calculate the highest common factor of 144 and b.
48
Let n(g) = g**3 - 8*g**2 - 14*g - 21. Let x be n(11). Suppose -j + x + 44 = 0. What is the greatest common factor of j and 58?
58
Suppose -3*x = 6, -3*f - 3*x + 41 = -x. Let r = f - -12. Suppose 2*j = 21 + r. Calculate the highest common divisor of 12 and j.
12
Suppose -n + 86 + 915 = -5*u, 0 = 5*n - 3*u - 4895. Let l = n - 780. What is the highest common divisor of 4 and l?
4
Suppose 2*l - 559 = 757. Let c be ((-212)/(-15))/1 + (17 - (-3341)/(-195)). Calculate the greatest common divisor of l and c.
14
Suppose -135 = -0*s - 5*s. Let b = s + -28. Let m be -4*(b/(-4) - 18/24). Calculate the highest common factor of 1 and m.
1
Let i(l) = 2*l**3 - 5*l**2 + 5*l - 49. Let g be i(6). Let v = g + -224. Suppose -5*m = -8 + 3. Calculate the highest common divisor of m and v.
1
Let m(g) = 3*g**3 - 2 + 4*g**2 + 2 - 5*g**2 - 3. Le